{"id":44210,"date":"2024-03-23T21:01:20","date_gmt":"2024-03-23T21:01:20","guid":{"rendered":"https:\/\/mimosababy.es\/wordpress_2\/?post_type=product&#038;p=44210"},"modified":"2025-10-02T22:06:26","modified_gmt":"2025-10-02T22:06:26","slug":"chupetero-rustic","status":"publish","type":"product","link":"https:\/\/mimosababy.es\/index.php\/product\/chupetero-rustic\/","title":{"rendered":"CHUPETERO &#8220;RUSTIC&#8221;"},"content":{"rendered":"<p>Cinta para sujetar el chupete a la ropa y bolsita para guardarlo, con bot\u00f3n &#8220;clip&#8221;, f\u00e1cil, pr\u00e1ctico y r\u00e1pido.<\/p>\n<p>Recuerda que estas comprando un producto handmade, por lo que las medidas son aproximadas. Cada producto es \u00fanico<\/p>\n","protected":false},"excerpt":{"rendered":"<p>Cinta para sujetar el chupete a la ropa y bolsita para guardarlo, con bot\u00f3n &#8220;clip&#8221;, f\u00e1cil, pr\u00e1ctico y r\u00e1pido. Recuerda que estas comprando un producto handmade, por lo que las medidas son aproximadas. Cada producto es \u00fanico<\/p>\n","protected":false},"featured_media":44284,"comment_status":"open","ping_status":"closed","template":"","meta":{"_joinchat":[]},"product_cat":[61],"product_tag":[],"class_list":{"0":"post-44210","1":"product","2":"type-product","3":"status-publish","4":"has-post-thumbnail","6":"product_cat-chupeteros","7":"pa_composicion-algodon-100-madera-de-haya-natural-sin-tratar","8":"pa_cuidados-no-lavar-a-mas-de-30oc-no-usar-secadora-planchar-a-baja-temperatura","9":"pa_fornituras-snap-plastico-color-crudo-clip-osito-en-madera-natural-de-haya-sin-tratar-y-clip-metalico-en-la-parte-trasera","10":"pa_tacto-suave-calido-y-agradable","13":"first","14":"outofstock","15":"purchasable","16":"product-type-simple"},"_links":{"self":[{"href":"https:\/\/mimosababy.es\/index.php\/wp-json\/wp\/v2\/product\/44210","targetHints":{"allow":["GET"]}}],"collection":[{"href":"https:\/\/mimosababy.es\/index.php\/wp-json\/wp\/v2\/product"}],"about":[{"href":"https:\/\/mimosababy.es\/index.php\/wp-json\/wp\/v2\/types\/product"}],"replies":[{"embeddable":true,"href":"https:\/\/mimosababy.es\/index.php\/wp-json\/wp\/v2\/comments?post=44210"}],"wp:featuredmedia":[{"embeddable":true,"href":"https:\/\/mimosababy.es\/index.php\/wp-json\/wp\/v2\/media\/44284"}],"wp:attachment":[{"href":"https:\/\/mimosababy.es\/index.php\/wp-json\/wp\/v2\/media?parent=44210"}],"wp:term":[{"taxonomy":"product_cat","embeddable":true,"href":"https:\/\/mimosababy.es\/index.php\/wp-json\/wp\/v2\/product_cat?post=44210"},{"taxonomy":"product_tag","embeddable":true,"href":"https:\/\/mimosababy.es\/index.php\/wp-json\/wp\/v2\/product_tag?post=44210"}],"curies":[{"name":"wp","href":"https:\/\/api.w.org\/{rel}","templated":true}]}}